y**3 + 2*y + 877. Is r(x) composite?
False
Is -25044*(-12)/18 - (2 - 3) prime?
False
Suppose -2*c + 781293 = -5*l, -5*l - 52 + 17 = 0. Is c a composite number?
True
Let g = -578673 + 1006000. Is g a composite number?
False
Let d be ((-88)/66)/((-2)/285). Let q = 2419 - d. Is q a prime number?
False
Suppose -4*f + 2931 = m, -4*f + 14639 = 30*m - 25*m. Is m composite?
False
Let l = 0 + 5. Let m be 27 + -14 + 1 + -5. Suppose -3*h + 6*h = l*d + 216, -3*d - m = 0. Is h composite?
False
Suppose 0 = a + 467*d - 463*d - 281113, 2*d = 2*a - 562236. Is a a composite number?
False
Let v = 699419 + -409630. Is v a composite number?
False
Let n = -3757 - -2083. Is -25*(n/15 - 1) a composite number?
True
Let r(d) be the second derivative of 35*d**3/6 - 11*d**2 - d. Let b be 238/16 - (12 + (-1261)/104). Is r(b) prime?
True
Suppose 5*r - 8 = c + 6, -4*r + 16 = -2*c. Suppose 0 = 3*w - 4*g - 7589, -113 = -r*w + 4*g + 4945. Is w a prime number?
True
Suppose 38*p + 5*p - 9651115 - 4722108 = 0. Is p a composite number?
False
Suppose -25*i + 643468 = -175807. Is i a prime number?
True
Let n(p) = 108*p**2 + 7*p + 47. Let r be n(12). Is r/5 + 2/5 composite?
False
Let m(n) be the first derivative of -889*n**4/2 + n**3/3 - 2*n + 61. Is m(-1) a composite number?
False
Let k = -4020667 + 6987860. Is k composite?
True
Is ((-276)/24 + 11)*-50782 composite?
False
Suppose -1 = 2*r + 4*c + 3, 4*c = 2*r - 4. Suppose 9*z - 45 = -r*z. Suppose -w + 502 = -3*a, 3*w - 542 = 2*w - z*a. Is w a prime number?
False
Let a = 450 + -125. Suppose 25 = 2*l + 3*l, -l = -4*z - a. Let j = z + 1545. Is j a prime number?
False
Let z(r) = r**2 + 10*r + 14. Let j be z(-8). Let f be 562 + (j + -1 - -2). Suppose 0 = -8*d + f + 1495. Is d a composite number?
False
Let o = 99692 + -67005. Is o a composite number?
False
Let f be 2/(-10) - 88/(-165)*6. Suppose f*o - 5566 = -5*u, 9965 = 4*o + u + 2572. Is o prime?
True
Suppose -2*x - x + 1785465 = p, 0 = -3*x + 2*p + 1785483. Is x a composite number?
False
Suppose 2*n - 13*n - 220 = 0. Is (-318880)/n - (1 + -1 + 1) a prime number?
False
Let y(s) = 197*s - 140. Suppose 11*h - 223 = 30. Is y(h) a composite number?
False
Let s be (-1)/(6/(-33) + 30/(-440)). Suppose 8*t + s*d - 8411 = 7*t, 0 = -5*d - 10. Is t prime?
True
Is (-440650)/(-18) + 316/711 a prime number?
True
Let w = -5105 + 5105. Let m(r) = 5967*r**3 + 1. Let u be m(1). Suppose 2*d + 3*d - 3*a - u = w, -1195 = -d + 2*a. Is d a prime number?
True
Let r(t) = -150*t - 7. Let w be (4/(16/12))/((-6)/(-170)). Let v = w - 87. Is r(v) composite?
False
Suppose 0 = -14354*r + 14342*r + 2027244. Is r prime?
True
Is 690/18*746/30 - 8/36 composite?
False
Let y be (-519 + 7)*(0 - 1)*2. Let x = y + -357. Is x composite?
True
Suppose 14*q - 351 = -127. Suppose q*r - 63824 = -0*r. Is r prime?
True
Is (-3)/((-683354568)/113892376 - -2*3) prime?
True
Suppose 3 - 48 = -9*x. Let a = -63 + 154. Suppose -3*h + 455 = 5*r + h, x*h - a = -r. Is r a prime number?
False
Let s be (8660/8 + -4)*(-48)/(-9). Let l = -2343 + s. Is l a composite number?
True
Let c(h) = -3*h + 4*h - h**3 + 1 - 2 + 3. Let v be c(-1). Suppose v*b - 516 = 706. Is b a composite number?
True
Suppose -5*h + 5*w = -201130, 0 = -h + 2*w + 30666 + 9567. Is h prime?
False
Suppose 748184 = 33*v - 2019922. Is v composite?
True
Let j = 20 + -15. Let u = 3 - j. Let q(r) = -20*r**3 + 4*r + 3. Is q(u) a prime number?
False
Let q(t) = -409*t**3 + 4*t**2 - 5*t + 7. Let m be q(3). Is (1/((-2)/m))/((-39)/(-78)) prime?
False
Let z = 26 - 17. Suppose 0 = -z*y + 14*y - 1080. Let m = -142 + y. Is m composite?
True
Suppose -20*c - 15*c = -8*c - 1694871. Is c a prime number?
True
Suppose -12 = l - g, -l - 25 = 4*g - 23. Is (-6)/l - (-308152)/130 composite?
False
Let h = 26017 - 16685. Let t = 32 + -12. Suppose -16*c + t*c = h. Is c prime?
True
Let w(a) = -18*a + 2. Let q be w(0). Suppose -5*u = q*l + 2077 - 12935, 0 = -2*l + 4*u + 10858. Is l prime?
False
Is 1 + ((-49)/14 + 3)*-124544 a composite number?
False
Let v(i) = i**2 + 117*i + 1047923. Is v(0) a composite number?
False
Let x(m) = -7*m**3 - 170*m**2 - 204*m + 47. Is x(-62) composite?
True
Suppose 0 = 33*s - 802144 - 258080. Suppose 9*v - s = 40403. Is v a composite number?
False
Let o be (-3)/(-4) - (-527)/(-68). Is 3 - (0 - (-31962)/o) prime?
False
Let k(r) = 2*r**3 - 3*r**2 + 2*r - 3. Let h be k(2). Suppose 2044 = 2*l - 21700. Suppose -h*u - 1377 = -l. Is u composite?
False
Let i(r) be the third derivative of -r**6/120 + r**5/20 + r**4/24 + 5*r**3/3 + 17*r**2. Let m be 8/(-2) - -2 - 5. Is i(m) prime?
False
Suppose -4*w = 4*s - 24, -3*w + s = -2*s - 42. Let g be (w/4 - 2)*1012. Let z = 897 - g. Is z a composite number?
True
Let r(o) be the third derivative of -o**6/120 - 3*o**5/4 + 3*o**4/4 - o**3/6 - 78*o**2. Is r(-48) prime?
True
Let t(i) = 3*i - 8 + 18 + 1 + 6*i**2 - 7. Let f(x) = x**2 + 5*x - 35. Let d be f(5). Is t(d) composite?
False
Let k(g) be the second derivative of 16*g**3/3 - 67*g**2/2 + 599*g. Let v be (-9)/6*76/(-6). Is k(v) a composite number?
False
Let s be (-6)/(-9 - 261/(-30)). Suppose 4*u - 4*o - 36 = 0, -2*u = 2*u + 4*o - 28. Is (-2190)/12*-7*u/s prime?
False
Let v(y) = -3243*y**3 - 5*y**2 + 17*y + 37. Is v(-2) prime?
False
Suppose -675596 = -4*n + a + 1655645, -n = -5*a - 582834. Is n a composite number?
False
Suppose 3*r = 12, -8*a - 39*r = -41*r - 863600. Is a a prime number?
True
Let w(t) = 39*t**2 + 4*t - 101. Let k be w(13). Suppose -6*g = -8*g + k. Is g prime?
True
Let j = 4 + -1. Suppose 5 = 7*o + 68. Is (-67)/(-3) + j/o a composite number?
True
Let c(h) = -10*h**3 + 2*h + 9*h**3 - 3*h**2 - 2*h**2 + 1 - 7*h. Let j be c(-4). Suppose 0 = -j*n + 773 + 812. Is n composite?
False
Suppose -2*b + 769 + 8811 = 0. Suppose 62*o - 67*o + b = 0. Is o a prime number?
False
Let z(r) be the second derivative of -r**5/10 - 7*r**4/12 + 4*r**3 - 7*r**2/2 + r - 43. Is z(-12) a composite number?
False
Let o = 269782 - 61199. Is o prime?
False
Suppose 1256164 = 132*x - 231344. Is x a composite number?
True
Let f(j) = 4256*j - 21. Suppose 5*g + 49*h - 45*h = 36, 2*g + 2*h = 14. Is f(g) prime?
False
Let v(x) = -3*x**2 + 18*x + 1. Let n be v(6). Let r(k) = 5000*k**2 + 3*k - 4. Is r(n) prime?
True
Let s = 117754 - 15669. Suppose -17*i + 0*i = -s. Is i composite?
True
Let q(b) = b**3 + 64*b**2 + 17*b - 363. Is q(-54) a prime number?
False
Suppose 3*l - 24902 = -5*f, 5*f + 4*l - 27163 = -2262. Suppose -1335 - f = -4*o. Suppose 0 = 5*j - 2526 - o. Is j a prime number?
True
Suppose 29*x + b + 146352 = 33*x, -5*b + 36609 = x. Is x a composite number?
True
Let i(b) = -13*b**3 - b**2 - 32*b - 39. Let q be i(-10). Suppose -9*n + 19789 = -6*n - 2*l, 2*n = -l + q. Is n a prime number?
False
Let r be 3/(-6)*116/2. Let k(i) = 5*i**2 - 42*i - 20. Is k(r) composite?
True
Suppose 1637*n - 909549 = 1633*n - l, -5*n + 1136938 = l. Is n a prime number?
False
Suppose 3*z - 3 = -0. Let s(t) = 3*t + 2. Let q be s(z). Suppose 5*o = 2*o - 5*h + 3528, 0 = o + q*h - 1186. Is o prime?
True
Let n(v) = v**2 - 4*v - 14. Let o be n(9). Let b = o - 22. Suppose -13*q + 1948 = -b*q. Is q prime?
True
Let x(f) = -15*f**3 + 6*f**2 + 4*f + 9. Suppose -6 = -9*a + 21. Let u(s) = -14*s**3 + 6*s**2 + 3*s + 10. Let w(o) = a*u(o) - 2*x(o). Is w(-5) composite?
False
Let x = 406 + -775. Let r = x - -69. Is r/(-40)*(-1094)/(-3) a prime number?
False
Let c be (-26)/(-26)*(95881 + 1 + -1). Suppose 3*v = 4*j - 95879, 4*j + 5*v = 8*j - c. Is j composite?
True
Suppose -6*o = -3*o - 9. Let j be (-4 + (o - 0))*85. Let y = j - -156. Is y a composite number?
False
Suppose -7*h - 60296 = 5*s - 6*h, -s + 2*h = 12068. Let k = -17782 - s. Is ((-5)/(-10) - 1)*k a composite number?
False
Let z = -1236 + 585. Let m(y) = y**2 + y + 1044. Let w be m(0). Let i = w + z. Is i a composite number?
True
Suppose 35160 - 296713 = -37*p. Is p prime?
True
Let r = -117011 + 253750. Is r composite?
False
Suppose 11*z - 122696 = -2059. Is z composite?
True
Let w(p) = 3876*p - 1727. Is w(36) a prime number?
False
Suppose 119*z = 121*z + 5*o - 584966, 3*o = 3*z - 877428. Is z composite?
True
Suppose -b - 34 = -36. Is (-200410)/(-80) - b - 2/16 composite?
False
Let t be 0/((-33)/(-15) - 5/25). Suppose -3*a - 18 = -t*a + q, -2*q = a + 6. Is ((5685/a)/(-5))/((-2)/(-4)) a composite numbe